{"id":1502,"date":"2026-02-14T21:33:15","date_gmt":"2026-02-14T21:33:15","guid":{"rendered":"https:\/\/worldguard.kod-o.com\/?page_id=1502"},"modified":"2026-03-25T19:23:20","modified_gmt":"2026-03-25T19:23:20","slug":"ozel-guvenlik-danismanligi","status":"publish","type":"page","link":"https:\/\/worldguard.kod-o.com\/index.php\/ozel-guvenlik-danismanligi\/","title":{"rendered":"\u00d6zel G\u00fcvenlik Dan\u0131\u015fmanl\u0131\u011f\u0131"},"content":{"rendered":"\n<h1 class=\"wp-block-heading\">\u00d6zel G\u00fcvenlik Dan\u0131\u015fmanl\u0131\u011f\u0131<\/h1>\n\n\n\n<p>G\u00fcvenlik dan\u0131\u015fmanl\u0131\u011f\u0131 hizmetimiz; kurumunuzun risk analizlerinin yap\u0131lmas\u0131, elde edilen veriler do\u011frultusunda g\u00fcvenlik plan\u0131n\u0131n olu\u015fturularak \u00fcst y\u00f6netime sunulmas\u0131 ve gerekli g\u00f6r\u00fclen fiziki ile elektronik g\u00fcvenlik tedbirlerinin planlanmas\u0131 s\u00fcre\u00e7lerini kapsamaktad\u0131r.<\/p>\n\n\n\n<p>G\u00fcvenlik hizmeti sat\u0131n alma karar\u0131 \u00f6ncesinde, mevcut ve olas\u0131 risklerin do\u011fru \u015fekilde belirlenmesi b\u00fcy\u00fck \u00f6nem ta\u015f\u0131r. Risk analizlerine dayal\u0131 olarak planlanan fiziki ve elektronik g\u00fcvenlik \u00e7\u00f6z\u00fcmleri; hem kurum g\u00fcvenli\u011finin etkin \u015fekilde sa\u011flanmas\u0131na hem de g\u00fcvenlik b\u00fct\u00e7esinin do\u011fru y\u00f6netilmesine katk\u0131 sa\u011flar.<\/p>\n\n\n\n<p>Risk analiz s\u00fcre\u00e7leri, 5188 say\u0131l\u0131 \u00d6zel G\u00fcvenlik Hizmetlerine Dair Kanun ve ilgili y\u00f6netmelik h\u00fck\u00fcmlerine uygun \u015fekilde, alan\u0131nda e\u011fitimli ve deneyimli personel taraf\u0131ndan titizlikle y\u00fcr\u00fct\u00fclmektedir.<\/p>\n\n\n\n<p>G\u00fcvenlik dan\u0131\u015fmanl\u0131\u011f\u0131; kurum yap\u0131s\u0131ndaki de\u011fi\u015fimler, faaliyet alan\u0131ndaki farkl\u0131l\u0131klar, personel say\u0131s\u0131ndaki art\u0131\u015f, risk fakt\u00f6rlerindeki de\u011fi\u015fimler ve d\u0131\u015f \u00e7evresel etkenler do\u011frultusunda d\u00fczenli olarak g\u00f6zden ge\u00e7irilmesi gereken dinamik bir hizmettir. S\u00fcreklilik arz eden de\u011ferlendirme s\u00fcre\u00e7leri sayesinde g\u00fcvenlik standartlar\u0131n\u0131n s\u00fcrd\u00fcr\u00fclebilirli\u011fi sa\u011flan\u0131r.<\/p>\n\n\n\n<p>Fiziki g\u00fcvenli\u011fin yan\u0131 s\u0131ra elektronik g\u00fcvenlik planlamalar\u0131 da g\u00fcn\u00fcm\u00fcz ko\u015fullar\u0131nda kritik \u00f6neme sahiptir. Bu kapsamda:<\/p>\n\n\n\n<ul class=\"wp-block-list\">\n<li>CCTV kapal\u0131 devre kamera sistemlerinin planlanmas\u0131 ve kurulumu<\/li>\n\n\n\n<li>Eri\u015fim kontrol sistemleri<\/li>\n\n\n\n<li>Acil \u00e7\u0131k\u0131\u015f ve alarm sistemleri<\/li>\n\n\n\n<li>Yol kapan ve bariyer sistemleri<\/li>\n\n\n\n<li>X-Ray cihazlar\u0131 ve metal dedekt\u00f6r sistemleri<\/li>\n\n\n\n<li>\u00c7evre g\u00fcvenlik sistemleri planlamas\u0131<\/li>\n<\/ul>\n\n\n\n<p>hizmetleri sunulmaktad\u0131r.<\/p>\n\n\n\n<p>World Guard G\u00fcvenlik ve Koruma Uzman kadromuz ve g\u00fcncel g\u00fcvenlik yakla\u015f\u0131mlar\u0131na uyum sa\u011flayan hizmet anlay\u0131\u015f\u0131m\u0131z ile kurumunuz i\u00e7in s\u00fcrd\u00fcr\u00fclebilir ve etkin g\u00fcvenlik \u00e7\u00f6z\u00fcmleri sunmaktay\u0131z.<\/p>\n","protected":false},"excerpt":{"rendered":"<p>\u00d6zel G\u00fcvenlik Dan\u0131\u015fmanl\u0131\u011f\u0131 G\u00fcvenlik dan\u0131\u015fmanl\u0131\u011f\u0131 hizmetimiz; kurumunuzun risk analizlerinin yap\u0131lmas\u0131, elde edilen veriler do\u011frultusunda g\u00fcvenlik plan\u0131n\u0131n olu\u015fturularak \u00fcst y\u00f6netime sunulmas\u0131 ve gerekli g\u00f6r\u00fclen fiziki ile elektronik g\u00fcvenlik tedbirlerinin planlanmas\u0131 s\u00fcre\u00e7lerini &#8230;<\/p>\n","protected":false},"author":1,"featured_media":0,"parent":0,"menu_order":0,"comment_status":"closed","ping_status":"closed","template":"template-fullwidth.php","meta":{"footnotes":""},"class_list":["post-1502","page","type-page","status-publish","hentry"],"_links":{"self":[{"href":"https:\/\/worldguard.kod-o.com\/index.php\/wp-json\/wp\/v2\/pages\/1502","targetHints":{"allow":["GET"]}}],"collection":[{"href":"https:\/\/worldguard.kod-o.com\/index.php\/wp-json\/wp\/v2\/pages"}],"about":[{"href":"https:\/\/worldguard.kod-o.com\/index.php\/wp-json\/wp\/v2\/types\/page"}],"author":[{"embeddable":true,"href":"https:\/\/worldguard.kod-o.com\/index.php\/wp-json\/wp\/v2\/users\/1"}],"replies":[{"embeddable":true,"href":"https:\/\/worldguard.kod-o.com\/index.php\/wp-json\/wp\/v2\/comments?post=1502"}],"version-history":[{"count":1,"href":"https:\/\/worldguard.kod-o.com\/index.php\/wp-json\/wp\/v2\/pages\/1502\/revisions"}],"predecessor-version":[{"id":1504,"href":"https:\/\/worldguard.kod-o.com\/index.php\/wp-json\/wp\/v2\/pages\/1502\/revisions\/1504"}],"wp:attachment":[{"href":"https:\/\/worldguard.kod-o.com\/index.php\/wp-json\/wp\/v2\/media?parent=1502"}],"curies":[{"name":"wp","href":"https:\/\/api.w.org\/{rel}","templated":true}]}}