{"id":1506,"date":"2026-02-14T21:37:47","date_gmt":"2026-02-14T21:37:47","guid":{"rendered":"https:\/\/worldguard.kod-o.com\/?page_id=1506"},"modified":"2026-03-25T19:23:53","modified_gmt":"2026-03-25T19:23:53","slug":"risk-analizi-ve-degerlendirmesi","status":"publish","type":"page","link":"https:\/\/worldguard.kod-o.com\/index.php\/risk-analizi-ve-degerlendirmesi\/","title":{"rendered":"Risk Analizi ve De\u011ferlendirmesi"},"content":{"rendered":"\n<p>Etkin bir g\u00fcvenlik politikas\u0131n\u0131n olu\u015fturulmas\u0131n\u0131n ilk a\u015famas\u0131, kurumunuzun kar\u015f\u0131la\u015fabilece\u011fi mevcut ve olas\u0131 risklerin do\u011fru \u015fekilde analiz edilmesi ile ba\u015flar.<\/p>\n\n\n\n<p><strong>World Guard G\u00fcvenlik ve Koruma<\/strong>, g\u00fcvenlik projesi olu\u015fturmadan \u00f6nce alan\u0131nda uzman personeli ile kurumunuzun g\u00fcvenlik ihtiya\u00e7lar\u0131na cevap veren; mek\u00e2na ve kullan\u0131m \u015fartlar\u0131na uygun, kapsaml\u0131, ger\u00e7ek\u00e7i, verimli ve ekonomik bir risk analizi ve g\u00fcvenlik planlamas\u0131 haz\u0131rlamaktad\u0131r.<\/p>\n\n\n\n<p>Risk analizi ve risk y\u00f6netiminin temel amac\u0131; kurum ve kurulu\u015flar\u0131n kar\u015f\u0131la\u015fabilece\u011fi tehlikeleri \u00f6nceden tespit etmek, tehditleri ortadan kald\u0131racak veya etkisini azaltacak kontrol mekanizmalar\u0131n\u0131 ilk a\u015famada belirlemektir.<\/p>\n\n\n\n<p><strong>World Guard G\u00fcvenlik ve Koruma<\/strong>, risk analizi sonu\u00e7lar\u0131na g\u00f6re g\u00fcvenlik ihtiya\u00e7lar\u0131n\u0131z\u0131 belirler; k\u0131sa, orta ve uzun vadeli g\u00fcvenlik prosed\u00fcrlerinizi olu\u015fturur ve \u00fcst y\u00f6netime sunar. Onaylanan rapor do\u011frultusunda fiziki g\u00fcvenlik organizasyonu olu\u015fturulur, elektronik g\u00fcvenlik sistemlerinin kurulumu ger\u00e7ekle\u015ftirilir ve kalite y\u00f6netim ilkeleri \u00e7er\u00e7evesinde periyodik denetimler uygulan\u0131r.<\/p>\n\n\n\n<p>Uzman kadromuz taraf\u0131ndan sunulan bu hizmetler sayesinde g\u00fcvenlik riskleri sistematik olarak kontrol alt\u0131na al\u0131narak en d\u00fc\u015f\u00fck seviyeye indirilmektedir.<\/p>\n","protected":false},"excerpt":{"rendered":"<p>Etkin bir g\u00fcvenlik politikas\u0131n\u0131n olu\u015fturulmas\u0131n\u0131n ilk a\u015famas\u0131, kurumunuzun kar\u015f\u0131la\u015fabilece\u011fi mevcut ve olas\u0131 risklerin do\u011fru \u015fekilde analiz edilmesi ile ba\u015flar. World Guard G\u00fcvenlik ve Koruma, g\u00fcvenlik projesi olu\u015fturmadan \u00f6nce alan\u0131nda uzman &#8230;<\/p>\n","protected":false},"author":1,"featured_media":0,"parent":0,"menu_order":0,"comment_status":"closed","ping_status":"closed","template":"template-fullwidth.php","meta":{"footnotes":""},"class_list":["post-1506","page","type-page","status-publish","hentry"],"_links":{"self":[{"href":"https:\/\/worldguard.kod-o.com\/index.php\/wp-json\/wp\/v2\/pages\/1506","targetHints":{"allow":["GET"]}}],"collection":[{"href":"https:\/\/worldguard.kod-o.com\/index.php\/wp-json\/wp\/v2\/pages"}],"about":[{"href":"https:\/\/worldguard.kod-o.com\/index.php\/wp-json\/wp\/v2\/types\/page"}],"author":[{"embeddable":true,"href":"https:\/\/worldguard.kod-o.com\/index.php\/wp-json\/wp\/v2\/users\/1"}],"replies":[{"embeddable":true,"href":"https:\/\/worldguard.kod-o.com\/index.php\/wp-json\/wp\/v2\/comments?post=1506"}],"version-history":[{"count":1,"href":"https:\/\/worldguard.kod-o.com\/index.php\/wp-json\/wp\/v2\/pages\/1506\/revisions"}],"predecessor-version":[{"id":1507,"href":"https:\/\/worldguard.kod-o.com\/index.php\/wp-json\/wp\/v2\/pages\/1506\/revisions\/1507"}],"wp:attachment":[{"href":"https:\/\/worldguard.kod-o.com\/index.php\/wp-json\/wp\/v2\/media?parent=1506"}],"curies":[{"name":"wp","href":"https:\/\/api.w.org\/{rel}","templated":true}]}}