{"id":1533,"date":"2026-02-14T21:59:21","date_gmt":"2026-02-14T21:59:21","guid":{"rendered":"https:\/\/worldguard.kod-o.com\/?page_id=1533"},"modified":"2026-03-25T19:20:51","modified_gmt":"2026-03-25T19:20:51","slug":"dis-cephe-ve-cam-temizligi","status":"publish","type":"page","link":"https:\/\/worldguard.kod-o.com\/index.php\/dis-cephe-ve-cam-temizligi\/","title":{"rendered":"D\u0131\u015f Cephe ve Cam Temizli\u011fi"},"content":{"rendered":"\n<p>\u00c7ok katl\u0131 yap\u0131lar\u0131n i\u00e7 temizli\u011fi kadar d\u0131\u015f temizli\u011fi de b\u00fcy\u00fck \u00f6nem ta\u015f\u0131r. Yap\u0131lar\u0131n d\u0131\u015f cepheleri ve cam y\u00fczeyleri, zamanla hava kirlili\u011fi, ya\u011fmur sular\u0131, egzoz gazlar\u0131 ve UV \u0131\u015f\u0131nlar\u0131 gibi d\u0131\u015f etkenlere ba\u011fl\u0131 olarak kirlenir ve y\u0131pran\u0131r.<\/p>\n\n\n\n<p>Uzun s\u00fcre temizlenmeyen veya uygun y\u00f6ntem ve ekipmanla temizlenmeyen d\u0131\u015f y\u00fczeylerde kal\u0131c\u0131 hasarlar olu\u015fabilir.<\/p>\n\n\n\n<p><strong>World Guard<\/strong>, d\u0131\u015f cepheleri ve cam y\u00fczeyleri uygun kimyasallar ve ekipmanlarla, yap\u0131lar\u0131n y\u00fcksekli\u011fi ve konumuna g\u00f6re en uygun temizlik y\u00f6ntemini belirleyerek hizmet sunmaktad\u0131r.<\/p>\n\n\n\n<p>D\u0131\u015f cephe ve cam temizli\u011finde ilk ad\u0131m, temizlenecek yap\u0131n\u0131n ke\u015ffi ve incelenmesidir. Binan\u0131n mimari yap\u0131s\u0131 ve kaplama malzemesinin t\u00fcr\u00fcne g\u00f6re temizlik metodu ve kimyasallar\u0131 se\u00e7ilmektedir. Teknik ekibimiz yap\u0131lar\u0131 inceleyip durum raporu haz\u0131rlamakta ve \u00fcst y\u00f6netime \u00f6nerilerini sunmaktad\u0131r.<\/p>\n\n\n\n<p>Kulland\u0131\u011f\u0131m\u0131z kimyasallar, ya\u011fmur suyuna kar\u015f\u0131 y\u00fczeylerde ak\u0131\u015fkanl\u0131k sa\u011flayarak kir ve tozlar\u0131n yap\u0131\u015fmas\u0131n\u0131 en aza indirmektedir.<\/p>\n\n\n\n<p>Y\u00fcksekte \u00e7al\u0131\u015fan personelimiz, gerekli <strong>y\u00fcksekte \u00e7al\u0131\u015fma e\u011fitimi<\/strong> alm\u0131\u015f olup <strong>IRATA sertifikas\u0131na<\/strong> sahiptir. D\u0131\u015f cephe ve cam temizli\u011finde i\u015f g\u00fcvenli\u011fi tedbirleri eksiksiz uygulanmaktad\u0131r.<\/p>\n\n\n\n<p><strong>World Guard<\/strong>, d\u0131\u015f cephe kaplama temizli\u011fi, cam y\u00fczey ve b\u00f6lme cam temizli\u011fi ile al\u0131\u015fveri\u015f ve i\u015f merkezlerinin cam temizli\u011fi hizmetlerini, deneyimli personeli ve t\u00fcm g\u00fcvenlik \u00f6nlemleriyle, uygun ekipman kullanarak ger\u00e7ekle\u015ftirmektedir.<\/p>\n\n\n\n<p><\/p>\n","protected":false},"excerpt":{"rendered":"<p>\u00c7ok katl\u0131 yap\u0131lar\u0131n i\u00e7 temizli\u011fi kadar d\u0131\u015f temizli\u011fi de b\u00fcy\u00fck \u00f6nem ta\u015f\u0131r. Yap\u0131lar\u0131n d\u0131\u015f cepheleri ve cam y\u00fczeyleri, zamanla hava kirlili\u011fi, ya\u011fmur sular\u0131, egzoz gazlar\u0131 ve UV \u0131\u015f\u0131nlar\u0131 gibi d\u0131\u015f &#8230;<\/p>\n","protected":false},"author":1,"featured_media":0,"parent":0,"menu_order":0,"comment_status":"closed","ping_status":"closed","template":"template-fullwidth.php","meta":{"footnotes":""},"class_list":["post-1533","page","type-page","status-publish","hentry"],"_links":{"self":[{"href":"https:\/\/worldguard.kod-o.com\/index.php\/wp-json\/wp\/v2\/pages\/1533","targetHints":{"allow":["GET"]}}],"collection":[{"href":"https:\/\/worldguard.kod-o.com\/index.php\/wp-json\/wp\/v2\/pages"}],"about":[{"href":"https:\/\/worldguard.kod-o.com\/index.php\/wp-json\/wp\/v2\/types\/page"}],"author":[{"embeddable":true,"href":"https:\/\/worldguard.kod-o.com\/index.php\/wp-json\/wp\/v2\/users\/1"}],"replies":[{"embeddable":true,"href":"https:\/\/worldguard.kod-o.com\/index.php\/wp-json\/wp\/v2\/comments?post=1533"}],"version-history":[{"count":1,"href":"https:\/\/worldguard.kod-o.com\/index.php\/wp-json\/wp\/v2\/pages\/1533\/revisions"}],"predecessor-version":[{"id":1534,"href":"https:\/\/worldguard.kod-o.com\/index.php\/wp-json\/wp\/v2\/pages\/1533\/revisions\/1534"}],"wp:attachment":[{"href":"https:\/\/worldguard.kod-o.com\/index.php\/wp-json\/wp\/v2\/media?parent=1533"}],"curies":[{"name":"wp","href":"https:\/\/api.w.org\/{rel}","templated":true}]}}