{"id":1539,"date":"2026-02-14T22:02:59","date_gmt":"2026-02-14T22:02:59","guid":{"rendered":"https:\/\/worldguard.kod-o.com\/?page_id=1539"},"modified":"2026-03-25T19:22:37","modified_gmt":"2026-03-25T19:22:37","slug":"konferans-salonu-temizligi","status":"publish","type":"page","link":"https:\/\/worldguard.kod-o.com\/index.php\/konferans-salonu-temizligi\/","title":{"rendered":"Konferans Salonu Temizli\u011fi"},"content":{"rendered":"\n<p>Toplumun ortak kullan\u0131m\u0131na a\u00e7\u0131k alanlar\u0131n belirli zaman aral\u0131klar\u0131yla d\u00fczenli ve hijyenik olarak temizlenmesi gerekmektedir.<\/p>\n\n\n\n<p><strong>World Guard<\/strong>, konusunda deneyimli personeli ile insan sirk\u00fclasyonunun yo\u011fun oldu\u011fu, g\u00fcnl\u00fck ve haftal\u0131k temizlik ihtiyac\u0131 olan konferans salonlar\u0131, sinema ve tiyatro salonlar\u0131, konser alanlar\u0131, seminer salonlar\u0131, \u00fcniversite yerle\u015fkeleri ve toplant\u0131 salonlar\u0131n\u0131n temizli\u011fi konusunda t\u00fcm ihtiya\u00e7lar\u0131 kar\u015f\u0131lamaktad\u0131r.<\/p>\n\n\n\n<p>\u00dcniversite yerle\u015fkelerinin temizli\u011fi kapsam\u0131nda; d\u0131\u015f cephe duvar temizli\u011fi, cam ve \u00e7er\u00e7eve temizli\u011fi, dersliklerin ve laboratuvarlar\u0131n temizli\u011fi, amfi, toplant\u0131 salonu, k\u00fct\u00fcphane ve di\u011fer ortak kullan\u0131m alanlar\u0131n\u0131n temizlik hizmetleri sa\u011flanmaktad\u0131r.<\/p>\n\n\n\n<p>Sosyal tesislerde y\u00fczme havuzlar\u0131n\u0131n, \u00f6zel zeminli basketbol ve futbol sahalar\u0131n\u0131n temizlik hizmetleri de <strong>World Guard<\/strong> taraf\u0131ndan sunulmaktad\u0131r.<\/p>\n\n\n\n<p>T\u00fcm bu ortak ya\u015fam alanlar\u0131n\u0131n temizlik hizmetlerinde, en yeni teknolojik \u00fcr\u00fcnler ve temizlik y\u00f6ntemleri kullan\u0131larak kaliteli hizmet sa\u011flanmaktad\u0131r.<\/p>\n\n\n\n<p>Temizlik personelimiz, sahip olduklar\u0131 bilgi ve tecr\u00fcbeyle, kullan\u0131lacak t\u00fcm ara\u00e7-gere\u00e7 ve temizlik \u00fcr\u00fcn\u00fc se\u00e7iminde \u00e7evreye ve insan sa\u011fl\u0131\u011f\u0131na zarar vermeyen se\u00e7imler yapmaktad\u0131r.<\/p>\n","protected":false},"excerpt":{"rendered":"<p>Toplumun ortak kullan\u0131m\u0131na a\u00e7\u0131k alanlar\u0131n belirli zaman aral\u0131klar\u0131yla d\u00fczenli ve hijyenik olarak temizlenmesi gerekmektedir. World Guard, konusunda deneyimli personeli ile insan sirk\u00fclasyonunun yo\u011fun oldu\u011fu, g\u00fcnl\u00fck ve haftal\u0131k temizlik ihtiyac\u0131 olan &#8230;<\/p>\n","protected":false},"author":1,"featured_media":0,"parent":0,"menu_order":0,"comment_status":"closed","ping_status":"closed","template":"template-fullwidth.php","meta":{"footnotes":""},"class_list":["post-1539","page","type-page","status-publish","hentry"],"_links":{"self":[{"href":"https:\/\/worldguard.kod-o.com\/index.php\/wp-json\/wp\/v2\/pages\/1539","targetHints":{"allow":["GET"]}}],"collection":[{"href":"https:\/\/worldguard.kod-o.com\/index.php\/wp-json\/wp\/v2\/pages"}],"about":[{"href":"https:\/\/worldguard.kod-o.com\/index.php\/wp-json\/wp\/v2\/types\/page"}],"author":[{"embeddable":true,"href":"https:\/\/worldguard.kod-o.com\/index.php\/wp-json\/wp\/v2\/users\/1"}],"replies":[{"embeddable":true,"href":"https:\/\/worldguard.kod-o.com\/index.php\/wp-json\/wp\/v2\/comments?post=1539"}],"version-history":[{"count":1,"href":"https:\/\/worldguard.kod-o.com\/index.php\/wp-json\/wp\/v2\/pages\/1539\/revisions"}],"predecessor-version":[{"id":1540,"href":"https:\/\/worldguard.kod-o.com\/index.php\/wp-json\/wp\/v2\/pages\/1539\/revisions\/1540"}],"wp:attachment":[{"href":"https:\/\/worldguard.kod-o.com\/index.php\/wp-json\/wp\/v2\/media?parent=1539"}],"curies":[{"name":"wp","href":"https:\/\/api.w.org\/{rel}","templated":true}]}}