{"id":1542,"date":"2026-02-14T22:04:29","date_gmt":"2026-02-14T22:04:29","guid":{"rendered":"https:\/\/worldguard.kod-o.com\/?page_id=1542"},"modified":"2026-03-25T19:21:58","modified_gmt":"2026-03-25T19:21:58","slug":"hastane-ve-klinik-temizligi","status":"publish","type":"page","link":"https:\/\/worldguard.kod-o.com\/index.php\/hastane-ve-klinik-temizligi\/","title":{"rendered":"Hastane ve Klinik Temizli\u011fi"},"content":{"rendered":"\n<p>Hastane, klinik, sa\u011fl\u0131k oca\u011f\u0131 ve poliklinik gibi sa\u011fl\u0131k kurumlar\u0131n\u0131n temizli\u011fi, di\u011fer temizlik alanlar\u0131n\u0131n temizli\u011finden farkl\u0131 ihtiya\u00e7lara ve \u00f6neme sahiptir. Sa\u011fl\u0131k kurumlar\u0131 enfeksiyon tehlikesi ile kar\u015f\u0131la\u015fabilecek en riskli mekanlard\u0131r. Bu t\u00fcr mekanlarda temizlik ve hijyen vazge\u00e7ilmez bir unsurdur.<\/p>\n\n\n\n<p><strong>World Guard<\/strong> b\u00fcnyesindeki deneyimli temizlik personeli, sa\u011fl\u0131k kurulu\u015flar\u0131 i\u00e7in temizli\u011fin ve hijyenin \u00f6nemini bilmekte ve buna g\u00f6re hizmet vermektedir.<\/p>\n\n\n\n<p>Gerek t\u0131bbi at\u0131klar\u0131n toplanmas\u0131, ayr\u0131\u015ft\u0131r\u0131lmas\u0131 ve imha edilmesi, gerekse bu t\u00fcr sa\u011fl\u0131k kurumlar\u0131nda t\u00fcm ortamlar\u0131n temizli\u011fi ve %100 hijyen sa\u011flanmas\u0131 son derece \u00f6nemlidir.<\/p>\n\n\n\n<p>Sa\u011fl\u0131k kurulu\u015flar\u0131nda g\u00f6rev alacak temizlik personeli, standart temizlik e\u011fitimlerinin d\u0131\u015f\u0131nda enfeksiyon kontrol\u00fc, s\u0131hhi temizlik ve ameliyat ekipmanlar\u0131n\u0131n temizli\u011fi gibi \u00f6zel e\u011fitimlerden ge\u00e7irilmektedir.<\/p>\n\n\n\n<p><strong>World Guard<\/strong> temizlik personeli, hizmet verdi\u011fi hastanelerde ve di\u011fer sa\u011fl\u0131k kurulu\u015flar\u0131nda, Sa\u011fl\u0131k Bakanl\u0131\u011f\u0131\u2019n\u0131n yay\u0131nlad\u0131\u011f\u0131 g\u00fcncel genelge do\u011frultusunda temizlik \u00e7al\u0131\u015fmalar\u0131n\u0131 y\u00fcr\u00fctmektedir.<\/p>\n\n\n\n<p>Temizlik personelimiz, hastane ve sa\u011fl\u0131k kurulu\u015flar\u0131 temizli\u011finde insan sa\u011fl\u0131\u011f\u0131na zarar vermeyen temizlik kimyasallar\u0131 ile bakteri ve vir\u00fcs olu\u015fumunu engelleyecek \u00f6zel \u00fcr\u00fcnler kullanarak sa\u011fl\u0131kl\u0131 ve hijyenik ortamlar olu\u015fturmaktad\u0131r.<\/p>\n","protected":false},"excerpt":{"rendered":"<p>Hastane, klinik, sa\u011fl\u0131k oca\u011f\u0131 ve poliklinik gibi sa\u011fl\u0131k kurumlar\u0131n\u0131n temizli\u011fi, di\u011fer temizlik alanlar\u0131n\u0131n temizli\u011finden farkl\u0131 ihtiya\u00e7lara ve \u00f6neme sahiptir. Sa\u011fl\u0131k kurumlar\u0131 enfeksiyon tehlikesi ile kar\u015f\u0131la\u015fabilecek en riskli mekanlard\u0131r. Bu t\u00fcr &#8230;<\/p>\n","protected":false},"author":1,"featured_media":0,"parent":0,"menu_order":0,"comment_status":"closed","ping_status":"closed","template":"template-fullwidth.php","meta":{"footnotes":""},"class_list":["post-1542","page","type-page","status-publish","hentry"],"_links":{"self":[{"href":"https:\/\/worldguard.kod-o.com\/index.php\/wp-json\/wp\/v2\/pages\/1542","targetHints":{"allow":["GET"]}}],"collection":[{"href":"https:\/\/worldguard.kod-o.com\/index.php\/wp-json\/wp\/v2\/pages"}],"about":[{"href":"https:\/\/worldguard.kod-o.com\/index.php\/wp-json\/wp\/v2\/types\/page"}],"author":[{"embeddable":true,"href":"https:\/\/worldguard.kod-o.com\/index.php\/wp-json\/wp\/v2\/users\/1"}],"replies":[{"embeddable":true,"href":"https:\/\/worldguard.kod-o.com\/index.php\/wp-json\/wp\/v2\/comments?post=1542"}],"version-history":[{"count":1,"href":"https:\/\/worldguard.kod-o.com\/index.php\/wp-json\/wp\/v2\/pages\/1542\/revisions"}],"predecessor-version":[{"id":1543,"href":"https:\/\/worldguard.kod-o.com\/index.php\/wp-json\/wp\/v2\/pages\/1542\/revisions\/1543"}],"wp:attachment":[{"href":"https:\/\/worldguard.kod-o.com\/index.php\/wp-json\/wp\/v2\/media?parent=1542"}],"curies":[{"name":"wp","href":"https:\/\/api.w.org\/{rel}","templated":true}]}}