{"id":1562,"date":"2026-02-14T22:17:31","date_gmt":"2026-02-14T22:17:31","guid":{"rendered":"https:\/\/worldguard.kod-o.com\/?page_id=1562"},"modified":"2026-03-25T19:24:21","modified_gmt":"2026-03-25T19:24:21","slug":"tesis-yonetim-hizmetleri","status":"publish","type":"page","link":"https:\/\/worldguard.kod-o.com\/index.php\/tesis-yonetim-hizmetleri\/","title":{"rendered":"Tesis Y\u00f6netim Hizmetleri"},"content":{"rendered":"\n<p>Tesis y\u00f6netim hizmeti, k\u00fcreselle\u015fen d\u00fcnyada n\u00fcfusun artmas\u0131 ve taleplerin \u00e7o\u011falmas\u0131 ile birlikte y\u00f6netimi gitgide zorla\u015fan tesislerin ve ya\u015fam alanlar\u0131n\u0131n verimlili\u011fini art\u0131rmay\u0131 ama\u00e7layan, i\u015f g\u00f6rme yetene\u011fini maksimum d\u00fczeye y\u00fckselten ve yeni teknolojiler ile ihtiyaca y\u00f6nelik \u00e7\u00f6z\u00fcmler \u00fcreten entegre bir y\u00f6netim hizmetidir.<\/p>\n\n\n\n<p>Ar-ge \u00e7al\u0131\u015fmalar\u0131na ve hizmet i\u00e7i e\u011fitime de \u00f6nem veren <strong>World Guard<\/strong>; geli\u015fen teknolojiyi, yeni yasalar\u0131 ve y\u00f6netmelikleri s\u00fcrekli takip etmekte, edindi\u011fi bilgileri ve yenilikleri verdi\u011fi hizmet i\u00e7i e\u011fitimler sayesinde t\u00fcm \u00e7al\u0131\u015fanlar\u0131 ile payla\u015fmaktad\u0131r.<\/p>\n\n\n\n<p><strong>World Guard<\/strong>, tesis y\u00f6netim konusunda deneyim sahibi ve profesyonel ekibiyle; y\u00f6netsel organizasyonlar\u0131n kurulmas\u0131 ve g\u00f6rev tan\u0131mlar\u0131n\u0131n yap\u0131lmas\u0131, y\u00f6netim planlar\u0131n\u0131n haz\u0131rlanmas\u0131 ile uygulanmas\u0131, teknik i\u015fletim kapsam\u0131nda bak\u0131mlar\u0131n yap\u0131lmas\u0131 ve ar\u0131zalar\u0131n giderilmesi, temizlik i\u015flerinin yap\u0131lmas\u0131, enerji y\u00f6netim plan\u0131n\u0131n haz\u0131rlanmas\u0131 ve uygulanmas\u0131, g\u00fcvenlik risk analizi yap\u0131larak elektronik ve fiziki g\u00fcvenlik sistemlerinin kurulmas\u0131 ve i\u015fletilmesi, muhasebe ve hukuk s\u00fcre\u00e7lerinin takip edilmesi, sat\u0131n alma, kiralama ve d\u0131\u015f kaynak al\u0131m s\u00fcre\u00e7lerinin y\u00f6netilmesi, peyzaj d\u00fczenlemelerinin, pest kontrollerinin ve bitki bak\u0131mlar\u0131n\u0131n yap\u0131lmas\u0131 gibi hizmetleri tek \u00e7at\u0131 alt\u0131nda entegre olarak sa\u011flamaktad\u0131r.<\/p>\n","protected":false},"excerpt":{"rendered":"<p>Tesis y\u00f6netim hizmeti, k\u00fcreselle\u015fen d\u00fcnyada n\u00fcfusun artmas\u0131 ve taleplerin \u00e7o\u011falmas\u0131 ile birlikte y\u00f6netimi gitgide zorla\u015fan tesislerin ve ya\u015fam alanlar\u0131n\u0131n verimlili\u011fini art\u0131rmay\u0131 ama\u00e7layan, i\u015f g\u00f6rme yetene\u011fini maksimum d\u00fczeye y\u00fckselten ve yeni &#8230;<\/p>\n","protected":false},"author":1,"featured_media":0,"parent":0,"menu_order":0,"comment_status":"closed","ping_status":"closed","template":"template-fullwidth.php","meta":{"footnotes":""},"class_list":["post-1562","page","type-page","status-publish","hentry"],"_links":{"self":[{"href":"https:\/\/worldguard.kod-o.com\/index.php\/wp-json\/wp\/v2\/pages\/1562","targetHints":{"allow":["GET"]}}],"collection":[{"href":"https:\/\/worldguard.kod-o.com\/index.php\/wp-json\/wp\/v2\/pages"}],"about":[{"href":"https:\/\/worldguard.kod-o.com\/index.php\/wp-json\/wp\/v2\/types\/page"}],"author":[{"embeddable":true,"href":"https:\/\/worldguard.kod-o.com\/index.php\/wp-json\/wp\/v2\/users\/1"}],"replies":[{"embeddable":true,"href":"https:\/\/worldguard.kod-o.com\/index.php\/wp-json\/wp\/v2\/comments?post=1562"}],"version-history":[{"count":1,"href":"https:\/\/worldguard.kod-o.com\/index.php\/wp-json\/wp\/v2\/pages\/1562\/revisions"}],"predecessor-version":[{"id":1563,"href":"https:\/\/worldguard.kod-o.com\/index.php\/wp-json\/wp\/v2\/pages\/1562\/revisions\/1563"}],"wp:attachment":[{"href":"https:\/\/worldguard.kod-o.com\/index.php\/wp-json\/wp\/v2\/media?parent=1562"}],"curies":[{"name":"wp","href":"https:\/\/api.w.org\/{rel}","templated":true}]}}